0
What is the highest common divisor of 55386 and 68?
34
What is the highest common divisor of 13550 and 50?
50
What is the highest common factor of 66666 and 492?
246
What is the greatest common divisor of 986 and 2006?
34
Calculate the greatest common divisor of 88 and 25586.
22
Calculate the highest common factor of 636361 and 1394.
697
What is the greatest common factor of 3 and 983?
1
Calculate the greatest common divisor of 68 and 2023.
17
Calculate the highest common divisor of 188435 and 41405.
845
Calculate the greatest common divisor of 25723540 and 20.
20
What is the highest common factor of 205344 and 128?
32
What is the greatest common divisor of 84829 and 738?
41
What is the highest common factor of 6 and 41397?
3
Calculate the greatest common factor of 18073 and 5797.
341
What is the highest common factor of 11106487 and 49?
49
Calculate the highest common divisor of 1035159 and 623.
89
Calculate the greatest common factor of 43 and 520816.
43
Calculate the highest common factor of 982308 and 109.
109
Calculate the greatest common divisor of 53776 and 272.
16
What is the greatest common factor of 378 and 18102?
42
What is the highest common factor of 3170373 and 201?
201
Calculate the highest common factor of 76846 and 266.
14
Calculate the highest common divisor of 816303 and 107.
107
Calculate the highest common divisor of 1701 and 1386.
63
What is the greatest common divisor of 459 and 19980?
27
Calculate the greatest common factor of 1 and 476642.
1
Calculate the highest common divisor of 75645 and 45.
45
Calculate the highest common divisor of 530656 and 552.
184
Calculate the greatest common factor of 96882 and 12462.
402
Calculate the highest common factor of 3105 and 20355.
345
Calculate the greatest common factor of 2397 and 153.
51
Calculate the highest common divisor of 113261 and 265.
53
Calculate the greatest common factor of 2807796 and 12.
12
Calculate the highest common divisor of 89418 and 63.
21
Calculate the highest common factor of 28542 and 4824.
402
What is the highest common factor of 5671 and 11449?
107
What is the greatest common divisor of 1115 and 117298?
223
What is the highest common divisor of 42 and 2251767?
21
What is the greatest common divisor of 72042 and 12?
6
Calculate the highest common divisor of 19706 and 43754.
334
What is the greatest common factor of 1749 and 183?
3
What is the highest common divisor of 1290 and 32700?
30
Calculate the highest common factor of 766 and 621226.
766
Calculate the highest common factor of 2755 and 589.
19
What is the highest common divisor of 11264 and 66?
22
What is the highest common divisor of 14344 and 2119?
163
Calculate the highest common factor of 760 and 202.
2
Calculate the highest common divisor of 19461 and 205089.
1497
Calculate the greatest common factor of 3096 and 64926.
18
Calculate the greatest common factor of 10 and 132074.
2
Calculate the greatest common factor of 2210850 and 90.
90
Calculate the greatest common divisor of 1222 and 187577.
611
Calculate the greatest common factor of 15219 and 36.
9
What is the greatest common divisor of 221573 and 11?
11
What is the greatest common divisor of 76 and 205903?
19
What is the greatest common factor of 4988 and 1856?
116
Calculate the highest common divisor of 2562018 and 20526.
1866
Calculate the greatest common factor of 1512 and 1417248.
504
Calculate the greatest common divisor of 327 and 291793.
109
What is the greatest common divisor of 7493716 and 116?
116
Calculate the greatest common factor of 534249 and 2105.
421
Calculate the highest common divisor of 35256 and 179896.
904
What is the greatest common factor of 1 and 47021?
1
What is the greatest common factor of 1353 and 16113?
123
What is the highest common factor of 7024656 and 12?
12
Calculate the greatest common divisor of 832 and 752.
16
Calculate the greatest common divisor of 3073776 and 72.
24
Calculate the highest common factor of 75 and 14655.
15
What is the highest common factor of 262145 and 15873?
481
What is the highest common factor of 612 and 31446?
18
Calculate the highest common factor of 3660 and 940.
20
Calculate the greatest common factor of 35 and 67085.
5
Calculate the highest common divisor of 39795 and 35.
35
What is the highest common divisor of 124928 and 61?
61
What is the highest common factor of 1893711 and 57?
57
Calculate the highest common factor of 884950 and 550.
550
What is the greatest common factor of 120 and 188180?
20
Calculate the highest common divisor of 625 and 10900.
25
Calculate the greatest common divisor of 47547 and 97442.
587
What is the highest common factor of 73619 and 65?
13
Calculate the highest common divisor of 665 and 13471.
19
What is the greatest common divisor of 1856 and 2291?
29
What is the greatest common divisor of 266881 and 37?
37
What is the greatest common factor of 2221023 and 1218?
609
What is the greatest common factor of 55 and 11539?
11
What is the greatest common factor of 116266 and 1342?
122
What is the greatest common factor of 1079 and 860378?
83
Calculate the highest common factor of 8 and 337048.
8
Calculate the greatest common factor of 59896 and 16.
8
What is the greatest common factor of 19 and 539467?
19
What is the greatest common divisor of 435685 and 395?
395
What is the highest common factor of 672 and 476880?
48
Calculate the highest common divisor of 766750 and 750.
250
Calculate the highest common factor of 20470 and 6670.
230
Calculate the highest common factor of 25521 and 423.
141
What is the greatest common divisor of 1680 and 121065?
105
What is the highest common divisor of 42 and 777?
21
What is the greatest common factor of 143556 and 168?
84
What is the greatest common divisor of 2000 and 60?
20
Calculate the highest common factor of 1982363 and 1671.
557
What is the greatest common factor of 15311 and 7781?
251
What is the greatest common factor of 418 and 9082?
38
Calculate the greatest common divisor of 120 and 1675.
5
Calculate the highest common factor of 96 and 3678216.
24
Calculate the greatest common divisor of 17 and 88876.
17
What is the highest common divisor of 54872 and 646?
38
What is the highest common factor of 72 and 18324?
36
What is the highest common factor of 35 and 7883435?
35
Calculate the highest common factor of 2 and 57066.
2
Calculate the greatest common factor of 7081 and 949.
73
What is the greatest common factor of 1892 and 463368?
172
What is the greatest common factor of 2608241 and 157?
157
What is the highest common divisor of 5060 and 19745?
55
What is the greatest common factor of 6846 and 313938?
978
Calculate the greatest common divisor of 19371 and 22.
11
Calculate the highest common divisor of 35264 and 1566.
58
What is the highest common factor of 1068297 and 255?
51
Calculate the greatest common factor of 868 and 1550.
62
What is the greatest common factor of 552 and 3768?
24
Calculate the greatest common divisor of 91 and 310583.
91
Calculate the highest common factor of 2 and 744074.
2
Calculate the highest common factor of 16697 and 3113.
283
What is the greatest common factor of 670 and 4610?
10
Calculate the highest common factor of 54688 and 144.
16
Calculate the highest common factor of 31857 and 2975.
7
What is the highest common divisor of 1005767 and 3059?
161
What is the highest common factor of 70 and 7060?
10
What is the highest common divisor of 1536 and 152256?
192
Calculate the highest common factor of 14 and 7400.
2
What is the greatest common divisor of 7 and 241409?
7
Calculate the highest common factor of 1005 and 34773.
201
What is the greatest common divisor of 10437 and 5751?
213
Calculate the highest common factor of 611 and 2379.
13
Calculate the greatest common factor of 13296 and 1524.
12
What is the greatest common factor of 26255 and 13795?
445
Calculate the highest common divisor of 36 and 659268.
36
Calculate the highest common divisor of 5285504 and 119.
119
Calculate the greatest common divisor of 97217 and 201.
67
What is the highest common divisor of 7843 and 88319?
341
What is the greatest common divisor of 1497007 and 118?
59
Calculate the greatest common divisor of 3 and 152765.
1
Calculate the highest common divisor of 6642 and 451.
41
Calculate th